{"id":1773,"date":"2024-11-14T21:35:30","date_gmt":"2024-11-14T21:35:30","guid":{"rendered":"https:\/\/teachwell.dk\/?page_id=1773"},"modified":"2024-11-20T19:42:18","modified_gmt":"2024-11-20T19:42:18","slug":"skraeddersyede-forlob","status":"publish","type":"page","link":"https:\/\/teachwell.dk\/?page_id=1773","title":{"rendered":"Skr\u00e6ddersyede forl\u00f8b"},"content":{"rendered":"\t\t<div data-elementor-type=\"wp-page\" data-elementor-id=\"1773\" class=\"elementor elementor-1773\" data-elementor-post-type=\"page\">\n\t\t\t\t<div class=\"elementor-element elementor-element-5e138e0 e-flex e-con-boxed e-con e-parent\" data-id=\"5e138e0\" data-element_type=\"container\">\n\t\t\t\t\t<div class=\"e-con-inner\">\n\t\t\t\t<div class=\"elementor-element elementor-element-31a807a elementor-widget elementor-widget-image\" data-id=\"31a807a\" data-element_type=\"widget\" data-widget_type=\"image.default\">\n\t\t\t\t<div class=\"elementor-widget-container\">\n\t\t\t\t\t\t\t\t\t\t\t\t\t<img fetchpriority=\"high\" decoding=\"async\" width=\"768\" height=\"401\" src=\"https:\/\/teachwell.dk\/wp-content\/uploads\/2024\/11\/Skraeddersyede-forlob-768x401.png\" class=\"attachment-medium_large size-medium_large wp-image-1775\" alt=\"\" srcset=\"https:\/\/teachwell.dk\/wp-content\/uploads\/2024\/11\/Skraeddersyede-forlob-768x401.png 768w, https:\/\/teachwell.dk\/wp-content\/uploads\/2024\/11\/Skraeddersyede-forlob-300x157.png 300w, https:\/\/teachwell.dk\/wp-content\/uploads\/2024\/11\/Skraeddersyede-forlob-1024x535.png 1024w, https:\/\/teachwell.dk\/wp-content\/uploads\/2024\/11\/Skraeddersyede-forlob-600x314.png 600w, https:\/\/teachwell.dk\/wp-content\/uploads\/2024\/11\/Skraeddersyede-forlob.png 1200w\" sizes=\"(max-width: 768px) 100vw, 768px\" \/>\t\t\t\t\t\t\t\t\t\t\t\t\t<\/div>\n\t\t\t\t<\/div>\n\t\t\t\t\t<\/div>\n\t\t\t\t<\/div>\n\t\t<div class=\"elementor-element elementor-element-7225458 e-flex e-con-boxed e-con e-parent\" data-id=\"7225458\" data-element_type=\"container\">\n\t\t\t\t\t<div class=\"e-con-inner\">\n\t\t\t\t<div class=\"elementor-element elementor-element-1cad5ae elementor-widget elementor-widget-text-editor\" data-id=\"1cad5ae\" data-element_type=\"widget\" data-widget_type=\"text-editor.default\">\n\t\t\t\t<div class=\"elementor-widget-container\">\n\t\t\t\t\t\t\t<p>Teachwell tilbyder skr\u00e6ddersyede forl\u00f8b, som tilpasses elevgruppen, l\u00e6rergruppen, institutionen og behov for indhold.&nbsp;<\/p>\n<p>Forl\u00f8bene kan skr\u00e6ddersyes i forhold til l\u00e6ngde\/varighed, sparring, formidlingsmetode og emner.<\/p>\n<p><strong>Eksempel 1 &#8211; skr\u00e6ddersyede forl\u00f8b:<\/strong><\/p>\n<p>1: Opl\u00e6g om praksisl\u00e6ring (2 timer)<\/p>\n<p>2: Efterf\u00f8lgende sparring og observation af praksisforl\u00f8b hos en gruppe l\u00e6rere med feedback<\/p>\n<p>3: Opsamlende opl\u00e6g (1 gang)<\/p>\n<p><strong>Eksempel 2 &#8211; skr\u00e6ddersyede forl\u00f8b:<\/strong><\/p>\n<p>1: Opl\u00e6g om sproglig opm\u00e6rksomhed for hele l\u00e6rerstaben<\/p>\n<p>2: Observation af undervisning med sparring p\u00e5, hvordan sproglig opm\u00e6rksomhed kan tilgodeses p\u00e5 holdene<\/p>\n<p>3: M\u00f8de og feedback med ledelsen om fremtidige indsatser<\/p>\n<p><strong>Eksempel 3 &#8211; skr\u00e6ddersyede forl\u00f8b:<\/strong><\/p>\n<p>1: Hj\u00e6lp til puljeans\u00f8gninger<\/p>\n<p>2: Opf\u00f8lgning p\u00e5 puljeans\u00f8gninger<\/p>\n<p><strong>Eksempel 4 &#8211; skr\u00e6ddersyede forl\u00f8b:<\/strong><\/p>\n<p>1: onboarding af nye FGU-l\u00e6rere (3 gange pr. \u00e5r p\u00e5 samme institution. Individuelle samtaler med indf\u00f8rsel i pr\u00f8ver, l\u00e6rerplaner\/fagbilag, didaktiske principper og praksisundervisning)<\/p>\n<p>2: Sparring op til pr\u00f8verne&nbsp;<\/p>\n<p>3: Opl\u00e6g om portfolio<\/p>\n<p><strong>Eksempel 5 &#8211; skr\u00e6ddersyede forl\u00f8b<\/strong><\/p>\n<p>1: Opl\u00e6g om &#8220;Motivation af demotiverede elever&#8221; (dagskursus p\u00e5 6 timer med \u00f8velser og gode grin)<\/p>\n<p><strong>Priser aftales individuelt, men generelt koster 2 timers opl\u00e6g 6995 kr. + k\u00f8rsel + moms (inkluderer forberedelse og materialer). Dagskursus koster normalt 9995 kr. + moms+ k\u00f8rsel.<\/strong><\/p>\n<p><strong>L\u00e6ngere kurser, sparring, observation og faste m\u00f8degange forhandles ved opstartsm\u00f8de.<\/strong><\/p>\n<p><strong>&nbsp;<\/strong><\/p>\t\t\t\t\t\t<\/div>\n\t\t\t\t<\/div>\n\t\t\t\t\t<\/div>\n\t\t\t\t<\/div>\n\t\t\t\t<\/div>\n\t\t","protected":false},"excerpt":{"rendered":"<p>Teachwell tilbyder skr\u00e6ddersyede forl\u00f8b, som tilpasses elevgruppen, l\u00e6rergruppen, institutionen og behov for indhold.&nbsp; Forl\u00f8bene kan skr\u00e6ddersyes i forhold til l\u00e6ngde\/varighed, sparring, formidlingsmetode og emner. Eksempel 1 &#8211; skr\u00e6ddersyede forl\u00f8b: 1: Opl\u00e6g om praksisl\u00e6ring (2 timer) 2: Efterf\u00f8lgende sparring og observation af praksisforl\u00f8b hos en gruppe l\u00e6rere med feedback 3: Opsamlende opl\u00e6g (1 gang) Eksempel 2 [&hellip;]<\/p>\n","protected":false},"author":1,"featured_media":0,"parent":0,"menu_order":0,"comment_status":"closed","ping_status":"closed","template":"","meta":{"footnotes":""},"class_list":["post-1773","page","type-page","status-publish","hentry"],"blocksy_meta":[],"_links":{"self":[{"href":"https:\/\/teachwell.dk\/index.php?rest_route=\/wp\/v2\/pages\/1773","targetHints":{"allow":["GET"]}}],"collection":[{"href":"https:\/\/teachwell.dk\/index.php?rest_route=\/wp\/v2\/pages"}],"about":[{"href":"https:\/\/teachwell.dk\/index.php?rest_route=\/wp\/v2\/types\/page"}],"author":[{"embeddable":true,"href":"https:\/\/teachwell.dk\/index.php?rest_route=\/wp\/v2\/users\/1"}],"replies":[{"embeddable":true,"href":"https:\/\/teachwell.dk\/index.php?rest_route=%2Fwp%2Fv2%2Fcomments&post=1773"}],"version-history":[{"count":16,"href":"https:\/\/teachwell.dk\/index.php?rest_route=\/wp\/v2\/pages\/1773\/revisions"}],"predecessor-version":[{"id":1856,"href":"https:\/\/teachwell.dk\/index.php?rest_route=\/wp\/v2\/pages\/1773\/revisions\/1856"}],"wp:attachment":[{"href":"https:\/\/teachwell.dk\/index.php?rest_route=%2Fwp%2Fv2%2Fmedia&parent=1773"}],"curies":[{"name":"wp","href":"https:\/\/api.w.org\/{rel}","templated":true}]}}